*y + 2*u - 15 = 0, 5*y - 2*u - 15 = 0. Let h = 1 - y. What are the prime factors of 232/12 - h/6?
2, 5
Let q(l) = l**3 - 24*l**2 + 12*l - 57. What are the prime factors of q(24)?
3, 7, 11
Let b = -1633 + 4524. List the prime factors of b.
7, 59
Suppose 8160 = -77*h + 101*h. List the prime factors of h.
2, 5, 17
Let y = 20 - 19. What are the prime factors of 3 + -1 + (y - (7 - 6))?
2
Suppose -4*q - 2227 = -s, -s - 4*q + 689 = -1538. What are the prime factors of s?
17, 131
Let g(c) = -4*c**2 + 5*c + 1. Let b(n) = n. Let l(p) = 5*b(p) - g(p). List the prime factors of l(-2).
3, 5
Let p(d) = 27*d + 8. Let r(a) = -13*a - 4. Let v(m) = -2*p(m) - 5*r(m). Suppose 2*q - 2 = 0, -2*q = -5*n - 0*q + 18. What are the prime factors of v(n)?
2, 3
Let s(y) = y**3 + 7*y**2 + 11*y + 2. Let f be s(-3). Suppose -3*i + 48 = -f*o, -2*i - 5*o + 9 = -23. List the prime factors of i.
2
Let t be (5 + -4)/((-1)/103). Let v = -72 - t. Suppose -v*a + 152 = -27*a. What are the prime factors of a?
2, 19
Let p(i) = i**2 - i + 1. Let y(d) = -5*d**2 + 12*d + 8. Let r(g) = 4*p(g) + y(g). Let s be r(9). List the prime factors of s/(-1 + (-28)/(-16)).
2
Let y be (52*(-1 - 0))/(14/119). Let a = y + 635. What are the prime factors of a?
193
Suppose 0 = 4*l - 11*l + 273. Suppose 99 = 2*r + l. List the prime factors of r.
2, 3, 5
Suppose -r = -2*f + 3, -7*f = -4*r - 2*f - 12. Let o = r - -5. Suppose -s = o*j - 59, -2*j + 3*s + 123 = 2*j. What are the prime factors of j?
2, 3, 5
Let u(k) = 58*k - 47. List the prime factors of u(5).
3
Suppose -2*a + 5*a - 33 = -3*j, 11 = a - 2*j. Suppose 4*b - a = -3. List the prime factors of b.
2
Let j(h) = -234*h + 8. What are the prime factors of j(-1)?
2, 11
Suppose -5*s + 0*s = -10. Suppose s*v = 32 - 176. Let x = v + 112. What are the prime factors of x?
2, 5
Suppose 34*x = 28*x + 2388. List the prime factors of x.
2, 199
Let n(k) = 20*k**2 + 1. Let a be n(-1). Let f = a - 15. List the prime factors of 49/3 + f/(-18).
2
Suppose -4*y - 37*v = -38*v - 4228, 2*v - 5298 = -5*y. What are the prime factors of y?
2, 23
Let u(r) = 3*r + 1. Let d be u(-4). Let m = -3 - d. Suppose -p = -m*p + 182. What are the prime factors of p?
2, 13
What are the prime factors of (1336/10)/((-2)/(-10))?
2, 167
Let f(w) = -w**2 + w + 2. Let z(r) = r**2. Let x(s) = f(s) + 3*z(s). List the prime factors of x(5).
3, 19
Let q(b) = 6*b**2 + 6*b - 21. Let g(z) = -4*z + 19. Let i be g(3). What are the prime factors of q(i)?
3, 5, 7
Let j = -16 - -16. Suppose u - 5*m + 17 = j, 5 = -3*u + 2*u + m. List the prime factors of 9 + -5 + (0 - u).
2, 3
Let a(q) = -q + 24. Let z be a(23). What are the prime factors of (z + -2)/(2/(-244))?
2, 61
Let x(c) = -c**3 + 2*c**2 + 4*c + 3. Suppose -2*n - 26 = -18. List the prime factors of x(n).
83
Let q be (9 + 0)*64/(-12). Let j be (-16)/(-9) - (-10)/45. What are the prime factors of j*3/(-18)*q?
2
Let m(s) = 3*s. Let a be m(2). Let v = -5 + a. What are the prime factors of v/(-5) - 252/(-60)?
2
Suppose 0 = -5*g + 3*n + 56, -4*g + 3*n = -2*n - 37. Let l = -10 + g. Suppose l*v - 8*u + 4*u - 19 = 0, -5*u = -4*v + 27. What are the prime factors of v?
13
Let z(b) = -b**2 + 7*b - 5. Suppose 0 = -6*u + 9*u - 36. Let t be z(u). What are the prime factors of 6/(-9) - t/3?
3, 7
Suppose -3*z + 4 = 13. What are the prime factors of (z - (-1 - 440))*2/4?
3, 73
Let a = 252 - -30. Let d = a + -170. What are the prime factors of d?
2, 7
Let w(a) = -a**2 + 41*a - 101. List the prime factors of w(25).
13, 23
Let p(r) = -780*r - 419. List the prime factors of p(-9).
7, 23, 41
Let w = -8 - -11. Let p be w + (-5 - -2) - -3. Let u = 21 + p. What are the prime factors of u?
2, 3
Suppose 38 = -5*s + 323. Let k be 4 + -40 - (-3 + -1). Let a = k + s. What are the prime factors of a?
5
Let f(k) be the first derivative of -3*k**2 + 6*k - 1. Let b = -90 + 86. What are the prime factors of f(b)?
2, 3, 5
Let c(w) = 10*w**2 - 18*w**2 + 0 - 19*w + 10*w**2 + 2. What are the prime factors of c(11)?
5, 7
Let z be (-2)/((-8)/12) + (-4 - -1). Suppose z = -15*s + 6*s + 108. What are the prime factors of s?
2, 3
Suppose 64 = -2*g + 6*g. Let v be 22/(-6) - (-5 + (-13)/(-3)). Let c = g + v. List the prime factors of c.
13
Let u be (4/10)/((-3)/(-225)). Let p = 20 + -3. Let j = u - p. What are the prime factors of j?
13
What are the prime factors of (699 - -3 - 1)/(-1 - -2)?
701
Let n(h) = -8*h**3 - 4*h**2 + 3*h + 77. What are the prime factors of n(-8)?
17, 229
Suppose 26*x - 21060 = 6*x. List the prime factors of x.
3, 13
Let d(b) = b**2 - 11*b - 7. Let s be d(19). Suppose -l = h - s, 402 = 4*h - l - 163. What are the prime factors of h?
2, 71
Suppose 0 = 5*l + h - 32, 0*l - l = 3*h - 12. Let z = l - 2. List the prime factors of (-2)/z - (-22)/4.
5
Let s(l) = -l**2 - 2*l - 1. Suppose u - 2 = -0*u. Let z be s(u). List the prime factors of (z/(-6))/((-3)/(-26)).
13
Let o(t) = -82*t + 84. What are the prime factors of o(-11)?
2, 17, 29
Suppose -25*q = -42*q + 47056. List the prime factors of q.
2, 173
Suppose -4*u = -22 - 350. Let w = u - 8. What are the prime factors of w?
5, 17
Let i be (3/2)/((-6)/(-8)). Suppose a = -i*a + 27. Suppose -a*z + 84 = -6*z. List the prime factors of z.
2, 7
Suppose -26*j + 48695 - 5925 = 0. List the prime factors of j.
5, 7, 47
Let o(w) = -30*w**2 - 2 + 15*w**2 - 2 - 15*w + 14*w**2. List the prime factors of o(-9).
2, 5
Suppose 4*m = 5*p - 9064, 8*p = 3*p - m + 9059. List the prime factors of p.
2, 3, 151
Suppose 3216 - 8676 = -2*o. List the prime factors of 2 + (2 - 1)/(15/o).
2, 23
Let d be -3 - (-13 - (-4)/(-6)*-3). Suppose -5*j + r + 30 = -0*r, j + 3*r + 10 = 0. What are the prime factors of (d - j) + (23 - -1)?
3
Let z = -41 - -678. What are the prime factors of z?
7, 13
List the prime factors of (1071 - 1)*-3*(-56)/210.
2, 107
Suppose 54*m - 231390 = -0*m. What are the prime factors of m?
5, 857
Let n = 78 - 76. Suppose -n*a + 76 = 5*s, 2*s - 2*a - 26 = 10. List the prime factors of s.
2
Suppose -v = -2*v + 17. Suppose 5*c + v = 67. What are the prime factors of (-22)/(-10) - 2/c?
2
What are the prime factors of ((-154)/(-2))/11 + 282?
17
Let p = 40 + -19. Suppose 9 = 6*f - p. Suppose f*w - 3*u - 3 = 0, -3*u = -3*w + 2*w - 9. What are the prime factors of w?
3
Let t(h) = 2*h**2 + 4*h - 7. Suppose 12 = -3*x + 8*x + b, -3*x + 5*b = 4. Suppose -5*s + 3*y = -35, -x*s + y + 23 = -2*y. List the prime factors of t(s).
41
Suppose 6*u - 2 = 22. Suppose u*j - 12*j = -600. List the prime factors of j.
3, 5
Suppose -32*k - 6137 = -51*k. What are the prime factors of k?
17, 19
Let r(d) = -56*d - 463. What are the prime factors of r(-15)?
13, 29
Suppose 5*o = 1037 + 1693. List the prime factors of o.
2, 3, 7, 13
Let a(f) = 10*f + 9. Let c be a(-9). Let t = -50 - c. What are the prime factors of t?
31
Let t be (-6)/(-12) + 3/(-6). Let j = 2 + t. Suppose 0 = -2*s - j*s + 116. List the prime factors of s.
29
Let j = -2592 - -2758. What are the prime factors of j?
2, 83
Let x = -89 - -38. What are the prime factors of (x/34)/((-2)/52)?
3, 13
Let u(k) be the first derivative of -k**3/3 + k**2/2 + 159*k - 5. Let j be u(0). Suppose 0*w + n - j = -4*w, 0 = -5*w + n + 192. List the prime factors of w.
3, 13
Let m(b) be the third derivative of -b**7/5040 + b**6/144 - b**5/20 - 5*b**2. Let x(h) be the third derivative of m(h). List the prime factors of x(-5).
2, 5
Let y(b) = 40*b - 2. Let g be y(1). Suppose -486 = -7*p - g. List the prime factors of p.
2
Let i = -2 + 3. Let l(q) = -i + q + 36 + 0*q - 3. What are the prime factors of l(0)?
2
Suppose 2*j + j = 21. Let n be (-4)/22 - 4/110*50. List the prime factors of j/n*(-24)/3.
2, 7
Suppose -124*o + 7795 = -119*o. What are the prime factors of o?
1559
Suppose -2*u + 1 = -13. Suppose u + 11 = -3*h. List the prime factors of ((-4)/10)/(h/360).
2, 3
Let o = 53 - 50. Suppose -297 = 3*y - 5*y - o*c, -4*c - 584 = -4*y. List the prime factors of y.
3, 7
Suppose 4*k = -7*b + 11*b - 844, 4*b - k = 829. List the prime factors of b.
2, 103
Let f = 115 - 112. List the prime factors of (2 + 297)*f*2/6.
13, 23
Let t be -15*1/(-12)*12. What are the prime factors of t/(-9)*21/(-1)?
5, 7
Let t be 40/18 - (-6)/(-27). Suppose -t*m - 7 = -17. What are the prime factors of m?
5
Suppose 2*g - 35 = 43. Let s = 53 - g. What are the prime fa